et z = 495 - 436. Suppose -64*i = -z*i - 70. Calculate the remainder when 292 is divided by i.
12
Let m be 7/(-21) + 22/(-6). Let i be 47 + 2*m/(-4). Suppose -13 = -2*y + i. What is the remainder when y is divided by 7?
3
Suppose 61*k + 26*k = 1479. Calculate the remainder when 1682 is divided by k.
16
Let r be ((-18)/27 - -1)*324. Let v = r - 59. Calculate the remainder when v is divided by 16.
1
Let o = -2906 - -2050. Let a = 922 + o. What is the remainder when 128 is divided by a?
62
Let f = -610 - -681. What is the remainder when 141 is divided by f?
70
Suppose 27*j + 28*j = 75*j - 13480. Calculate the remainder when j is divided by 48.
2
Let l(i) = -3*i**3 - 2*i**2 - 2*i - 5. Calculate the remainder when l(-4) is divided by (-4)/13 + 70579/2119.
31
Let h(c) = 1227*c - 7268. Calculate the remainder when 179 is divided by h(6).
85
Let p(j) = 6*j - 23. Let a(g) = g**2 - 4*g - 3. Let k be a(-2). Suppose 79 = 5*f + k. What is the remainder when p(8) is divided by f?
11
What is the remainder when 426 is divided by (-11)/(198/(-144)) - -9?
1
Let d = -5716 - -5721. Suppose -j = -5*m - 30, -6*m = -4*m + 2. What is the remainder when j is divided by d?
0
Let j be 1/(-3)*((-40)/5 - 4). Suppose j*d - 1 = 4*q + 19, -3*q = -4*d + 21. Suppose -7*w = -2*w - 155. Calculate the remainder when w is divided by d.
1
Let o(l) be the first derivative of -14*l**2 - 98*l - 34. Calculate the remainder when 223 is divided by o(-5).
13
Let q = 525 - 445. What is the remainder when 135 is divided by q?
55
Suppose 303 = -64*o + 2159. Calculate the remainder when 151 is divided by o.
6
Suppose -42*z = -y - 40*z + 63, 3*z = -4*y + 252. Suppose -i - 3*x = -46, -2*x = -6*x - 4. What is the remainder when y is divided by i?
14
Suppose r - 2 = 0, 10*r - 47 = -5*n + 9*r. What is the remainder when 157 is divided by 5/(n*2/126)?
17
Let y = -12105 + 16702. Calculate the remainder when y is divided by 22.
21
Suppose -454 - 193 = -3*n - 2*q, -2*n + 442 = -4*q. What is the remainder when n is divided by 154?
63
Let l(u) = 6*u**3 - 31*u**2 + 53*u - 826. What is the remainder when l(15) is divided by 92?
88
Suppose -6387 = 35*s - 20107. Calculate the remainder when s is divided by 380.
12
Let x(c) = c**3 - 45*c**2 + 66*c - 832. Calculate the remainder when 574 is divided by x(44).
30
Let p(j) be the second derivative of -10*j**2 - 1/12*j**4 + 13/3*j**3 - 31*j + 0. Calculate the remainder when 27 is divided by p(25).
2
Let p = 12752 - 7141. Calculate the remainder when p is divided by 27.
22
Suppose 0 = c - r - 242, 414*c + 466 = 416*c + 4*r. Calculate the remainder when c is divided by 128.
111
Suppose -8*p - 17 + 41 = 0. Suppose p*d + 14 = 5*r - 52, -3*r + 48 = d. What is the remainder when 56 is divided by r?
11
Let o be 1/(-5) - (-84)/20. Suppose -c - 170 + 732 = o*h, -2 = c. What is the remainder when h is divided by (-105)/(-15) + (1 - -3)?
9
Suppose 5*f + 3*b - 493 = 0, 5*f + 10*b - 9*b = 501. Calculate the remainder when 903 is divided by f.
95
Let u be 56/((-4)/6 - (-3)/18). Let x = u + 140. What is the remainder when 78 is divided by x?
22
Suppose 2*s + 3*h + 170 = 6*s, 4*s + h - 162 = 0. What is the remainder when ((-33)/(-24) - (0 - -1)) + 376551/3096 is divided by s?
40
Suppose 31*g - 224 = -4*g + 476. Let k(w) = 53*w + 3. Calculate the remainder when k(4) is divided by g.
15
Let j be (-7)/((-14)/(-4)) + 7. Suppose 37*l - 60 = 17*l. Suppose -j*u + 103 - l = 0. Calculate the remainder when 34 is divided by u.
14
Let g = -836 + 868. What is the remainder when g is divided by 9?
5
Let a = -4775 - -11779. What is the remainder when a is divided by 31?
29
What is the remainder when 5 + 4790/15 - (-9)/(-27) is divided by 67?
56
Let c = 29164 - 28209. Calculate the remainder when 3831 is divided by c.
11
Let b = 108 + -1775. Let k = 2364 + b. Calculate the remainder when k is divided by 100.
97
Let s = 2921 - 1717. What is the remainder when s is divided by 55?
49
Let b = -8 - -12. Suppose -3*a + a = b*x - 20, 4*x = 2*a + 4. Suppose x = -4*m - 17, 5*j - 5*m = 100. Calculate the remainder when 57 is divided by j.
12
Suppose -60*p = -6122 - 358. What is the remainder when 1290 is divided by p?
102
Suppose 5*w - 530 - 815 = 0. Let f be 206 + (-1 - -2)*4*(-33)/44. Suppose w = 4*h - f. What is the remainder when h is divided by 30?
28
Suppose 343 + 267 = 6*m + 136. Calculate the remainder when 315 is divided by m.
78
Suppose 5*y - 462 + 42 = -5*u, -4*u + 8 = 0. Suppose s - 9 = -4*k, 2*k + 3*k = 5*s - 45. What is the remainder when s is divided by y/16 + 9/(-72)?
4
Suppose -5*a + 13*a - 480 - 752 = 0. What is the remainder when a is divided by 7?
0
Let r = 95 + -93. Suppose j - 26 = -r*x, 2*x + j - 6*j = 2. What is the remainder when 86 is divided by x?
9
What is the remainder when -5 + ((-25)/(-20))/((-8)/(-32)) - -343 is divided by 177?
166
Calculate the remainder when (-1042*((-3)/10 + (-124)/(-155)))/(-1) is divided by 92.
61
Let b = -15 + 25. Let g(c) = 8*c - 2. Let f be g(-5). What is the remainder when 57 + (-24)/f*(-7)/(-2) is divided by b?
9
Let f be 92/((44/(-14))/11). Let q = -317 - f. Calculate the remainder when 27 is divided by q.
2
Let i be (8 - 10)/((-2)/3). Suppose -2*z + 5*r - 8*r = -123, i*z - 222 = 3*r. What is the remainder when z is divided by (2/(-4))/((-1)/36)?
15
Let u = 8809 + -8786. What is the remainder when 653 is divided by u?
9
Let y = 130 - 130. Suppose 0*h + 7*h - 91 = y. What is the remainder when 59 is divided by h?
7
Let s = 194 - 216. Let q = s - -45. What is the remainder when 83 is divided by q?
14
Let b(x) = -2*x**3 + 45*x**2 - 21*x - 3. What is the remainder when 225 is divided by b(22)?
16
Suppose -x - 1 + 6 = 0. Suppose -k - 198 = -x*b, 4*b - 2*k + 0*k = 162. Let j = 40 - b. Calculate the remainder when 3 is divided by j.
0
Let v(o) = 2*o - 11. Let c(z) = -z**2 - 4*z - 25. Let n be c(0). Let l be n/(-2) + (-36)/8 + 4. Calculate the remainder when 36 is divided by v(l).
10
Let m(z) = 109*z - 3. Let n be m(-1). Let b be (76/3)/((-19)/57). Let k = b - n. Calculate the remainder when 99 is divided by k.
27
Let i be ((-106)/(-6))/(2/(-30)). Let q be i/(-25) + (-2)/(-5). Calculate the remainder when 19 is divided by (2/q - 13/11) + 7.
1
Let a(y) = -2*y - 1. Suppose 37*d - 36*d = -3. Let m be a(d). Let n = 27 - m. What is the remainder when n is divided by 12?
10
Suppose -5*l + 40 = 5*p, -2*p + 5*l + 4 = l. Suppose p*t - t - 40 = -h, h + 2*t = 31. Let n = 29 - 22. Calculate the remainder when h is divided by n.
4
Let t be (1 - (-3 + 0)) + -1. Suppose 4*u = t*x - 5*x + 62, -15 = -5*u. Let b(c) = -101*c - 2. What is the remainder when b(-1) is divided by x?
24
Calculate the remainder when (-5)/((112/(-1659))/16) is divided by 66.
63
Let a(f) = -118*f + 3023. What is the remainder when a(19) is divided by 107?
32
Suppose -5*x = 10*x - 45. Suppose -4*d + 37 = 3*w, 36 = x*w - 0*d + 3*d. What is the remainder when 141 is divided by w?
9
Suppose -21*u = -5*u - 3936. What is the remainder when 776 is divided by u?
38
Suppose -4*w = -3*b + 103, 2*w + 83 = -5*b + 298. Let r = -1057 - -1079. What is the remainder when b is divided by r?
19
Let o be 136 + (9 - (4 - -2)). Suppose -3*k = -4*v + 50 + o, -2*v = k - 97. Suppose -4*s + 96 - 28 = 0. What is the remainder when v is divided by s?
14
Let t be (-54)/189 + (-2798)/7 + 0. Let v = -9 - -18. What is the remainder when (2/(-5))/(10/t) is divided by v?
7
Calculate the remainder when (-2 - 560)/((-173)/2422) is divided by 43.
42
Let s be (-8*2/20)/((-1)/135). Let b = 112 - s. What is the remainder when 11 is divided by b?
3
Let g = 274 + -271. What is the remainder when 10/g*((-1716)/(-30) + -5) is divided by 25?
24
Suppose 4*r + 5*q = 74, 2*q - 72 = -4*r + 8. What is the remainder when 154 is divided by r?
7
Suppose 0 = -326*s + 328*s - 10, 0 = -3*o - 3*s + 1251. Calculate the remainder when 1679 is divided by o.
31
Let u(h) = 7*h**2 - 86*h - 1409. Calculate the remainder when u(36) is divided by 60.
7
Let j = -202 + 204. Suppose j*d = 3*z - 64, 0*z = -5*z + 4*d + 108. Calculate the remainder when z is divided by 7.
6
Let d be 2/(-1) + (35 - 38). Calculate the remainder when (d + 726/18)*(-27)/(-6) is divided by 83.
76
Let d be 144/(3/45*-5). Let r = 499 + d. Calculate the remainder when 190 is divided b